 33 + -29 - (2 + 5).
-3
Evaluate 5 + (-1 - 1) + 2.
5
What is the value of 8 - 2 - (18 - 15) - -3?
6
15 + -16 + -3 + 10
6
What is the value of 119 - 122 - (-4 + -1 + -2)?
4
Evaluate 3 - (-3 + 2) - (0 - 1).
5
What is the value of (3 - 7) + (-1 - -9)?
4
Evaluate (-1 + 19 - 9) + -3 + -4.
2
Calculate (-262 - -254) + (0 + 0 - -1).
-7
-3 + -13 + 30 - 8
6
What is 0 - (-3 + 0) - 2?
1
Evaluate 6 - 0 - 2 - (1 + 3).
0
What is -2 + (-2 - 3 - (-2 - 0))?
-5
What is (-12 - -13) + (-6 - (-4 + 0))?
-1
Calculate 2 - ((-6 - -1) + 3 - -7).
-3
Calculate 2 - (-4 - -4 - 2).
4
Evaluate (3 - (5 + -3)) + 1 + -1.
1
Calculate -2 + 2 + (4 - (11 + -3)).
-4
Evaluate -5 - ((-3 - (-2 + 3)) + 1).
-2
-11 - 5 - -10 - (2 + -4)
-4
Calculate 2 - (-4 + (-4 - -3) - -1).
6
Evaluate 1 - 0 - (-32 + 35) - -1.
-1
0 - 0 - (2 - 9 - -4)
3
What is the value of -9 - (-6 - 6 - -5)?
-2
Calculate -7 + (12 - 3) - -2.
4
Evaluate 1 - 4 - (1 + -2).
-2
Evaluate (103 - 93) + (2 - 18).
-6
What is the value of 5 - ((5 - 4) + 0)?
4
7 + (-3 - (0 + 1) - -6)
9
What is (2 - 4) + (3 - 3) + 3?
1
Evaluate 1 + -1 + (6 + 4 - 7).
3
Evaluate 3 + -4 + -5 + -1 + 2.
-5
What is 0 - (-8 + -2 + 5)?
5
Calculate -1 + 1 - (10 - -1 - 3).
-8
What is the value of 4 + 2 - (0 - -10)?
-4
What is (16 - 15) + (-3 - (-2 - 2))?
2
Evaluate -4 + -6 + 6 + 8.
4
What is (1 - -6) + 4 + -10?
1
Calculate (-2 + (-4 - -13) - -3) + -3.
7
What is -2 - -4 - (1 - -6)?
-5
What is the value of -5 + (-6 - -11 - 3) + -1?
-4
Calculate (-2 - 4) + 5 + -1.
-2
Calculate (-1 - 5) + (9 - 3).
0
Calculate -28 - -41 - (4 + -1).
10
0 + -1 + (7 - 5) + 3
4
Evaluate 9 + (-20 + -6 - -9) + 8.
0
-12 - (-1 - (-5 + 11))
-5
9 - (-7 - (-23 + 1))
-6
What is (5 - (1 - 2)) + 2 + -15?
-7
Evaluate (2 - 0 - 2) + (24 - 20).
4
3 - (-2 + 3 + -1 + 1)
2
3 + (4 - (-1 + -5 + 5))
8
Evaluate (-3 - -4) + 1 + (7 - 2).
7
Evaluate -6 + (-2 - (4 + -13 - -3)).
-2
10 + (-4 - 10) + 13
9
What is the value of 5 + (-14 - (-5 - 0))?
-4
What is the value of -5 + -3 + 2 + 1?
-5
0 - ((3 - 0) + -2)
-1
Calculate 4 + -3 - (0 + 1).
0
What is -6 + 8 + 4 - 9?
-3
14 - 6 - (0 + 5)
3
Calculate 0 - (4 - -3 - 4) - 2.
-5
What is the value of (-2 - -8) + -5 + (2 - 2)?
1
What is (0 - -1) + -5 + (-2 - -9)?
3
Calculate 1 + 0 + 2 + 0.
3
Evaluate -7 - ((6 - 4) + -6) - -2.
-1
Calculate 0 + (1 - -3 - 0).
4
What is the value of (5 - 1) + -13 + (9 - -2)?
2
-14 + 19 - (10 + -2)
-3
What is 7 - ((3 - 7) + 8)?
3
What is the value of -2 + 4 + 4 + -8?
-2
4 - (6 - 1) - 0
-1
Calculate 1 - 6 - 1 - (1 - 4).
-3
2 - (7 - (-3 + 5) - 2)
-1
-4 + 3 - (-2 + (-3 - -6))
-2
Calculate 7 + -2 + (-32 - -20).
-7
Evaluate (9 - (-8 + 22)) + 1.
-4
What is the value of (-1 + 0 - 4) + (4 - 4)?
-5
What is the value of 1 + (-8 - -4) + 6 - -2?
5
What is 2 + (-4 - 0) + 0?
-2
1 + -2 + (-5 - -4)
-2
3 + (-2 - (6 + -8))
3
Evaluate 2 + 0 + -3 + 4.
3
What is -3 + 4 + -5 + 1?
-3
What is the value of 3 + -6 + 9 + -7 + 4?
3
What is the value of 0 + 1 + (-1 - -3) + 1?
4
What is (2 - ((3 - 6) + -2)) + -3?
4
-4 - (-11 - ((2 - 6) + 4))
7
Evaluate 4 + -6 + (1 - -1).
0
-4 - (-4 + -10 + 15)
-5
What is (-1 - 1) + 11 + -4?
5
What is -10 - -5 - 1 - -14?
8
Evaluate (3 - (2 + -1 + 2)) + -4.
-4
-5 - ((0 - -2) + -3)
-4
What is the value of (7 - 3) + (-1 - 1)?
2
What is the value of (-3 - 1) + (-1 - 1) + 2?
-4
-2 - ((3 - 0) + -5)
0
What is -1 + 13 + -2 + -5 + -9?
-4
Evaluate -11 + 7 - (-11 - 3).
10
Evaluate (5 - 6) + 5 - 8.
-4
Calculate -10 + (27 - 8) + -7.
2
20 + -18 - (-5 + 1)
6
What is the value of -5 + (-3 - (-5 + -2))?
-1
What is the value of -3 - (-1 + 7 + -6 + 8)?
-11
Evaluate (-15 - -15) + 1 + -3.
-2
What is the value of (0 - 5) + (-1 - (-3 - -1))?
-4
Calculate -1 + (10 - 11 - (-1 + -1)).
0
Evaluate -6 - -3 - (-2 + 1 + -6).
4
Evaluate (-1 - 4 - 9) + 8.
-6
What is the value of 9 - (3 + -3 + 7)?
2
Calculate -3 + 0 + -3 + 2 + 0.
-4
-11 + 11 + 0 + 1
1
-3 + 2 + (3 - 3) - 3
-4
What is the value of 5 + -2 + -2 + 0?
1
What is the value of (-5 - -3 - 4) + 10?
4
Calculate -1 - (5 + (-8 - -5) - -2).
-5
(4 - -9) + -12 + 9
10
Evaluate -4 - (-5 + (10 - 1)).
-8
What is 43 + -38 + (1 - 8) - -6?
4
Calculate (-2 + 0 - (0 + -2)) + 0.
0
Calculate -2 - (-5 + -4 + 9).
-2
Evaluate 4 + (-10 - -3 - 1) + 8.
4
What is -3 + (-3 - -10) - 8?
-4
What is 2 + -4 - 4 - (4 - 17)?
7
Calculate -1 + 4 + -10 + 12.
5
-4 + 10 + 2 - 4
4
What is the value of (1 - (-2 + -5)) + -3?
5
What is the value of (-4 - -10 - 2) + 1 + -3?
2
What is (-5 - -1) + 1 + 7?
4
Evaluate 1 + (3 - (5 - (8 + -6))).
1
Calculate (1 - 5) + 8 - 5.
-1
What is (1 - 0) + -5 + -4?
-8
What is the value of 3 + -1 + -2 + -2?
-2
0 + -6 - -9 - (-3 + 13)
-7
Calculate (-2 + 1 - 2) + (-5 - -9).
1
What is 0 + -2 + (-13 - -17)?
2
Evaluate 1 - (0 - 5 - 3 - -14).
-5
What is (4 - 8) + -1 + 2?
-3
Calculate -1 + 5 + 2 + -1 + -1.
4
Evaluate -4 + (1 - (-1 + -5)).
3
(-12 - -13) + 1 + 2 + 1
5
What is (-7 - -2) + 6 - -2?
3
What is the value of -2 + (3 - 2) + 0?
-1
Evaluate (6 - 1) + (5 - (-4 + 9)).
5
Calculate (-5 - -5) + -9 + 2 + 3.
-4
Calculate (1 - 0) + -6 + (3 - -3).
1
Calculate -7 + (28 - (-1 + 15)).
7
What is 4 + -1 + -2 + 3 + -1?
3
What is the value of -31 - -35 - (5 - 0) - -5?
4
Evaluate 4 - (6 - (-4 + 6)).
0
Evaluate 1 - (2 + 2 + -8).
5
(18 + -5 - 4) + -5
4
What is the value of (-1 - 0) + 3 + -4 + -2?
-4
What is 3 + -2 - (-6 + 2)?
5
Calculate (0 - (-1 - (-7 + 4))) + 6.
4
What is the value of -3 - (-2 + 4) - (-23 + 17)?
1
Calculate (1 - -2) + 16 + -8.
11
What is -5 - (-5 - -2) - -6?
4
Evaluate (25 - 32) + (2 - -7).
2
What is -1 + 7 + (-20 - -10)?
-4
6 + (-3 - 9) + 11
5
What is 2 - (0 - (2 - (3 - -2)))?
-1
-6 - (1 - -1) - (6 + -9)
-5
Calculate 5 - (-2 - (1 + -4)).
4
What is 8 + (-6 + 2 - (1 - 3))?
6
Calculate 5 - 11 - (-6 + 5).
-5
-2 + 6 + (-2 - 6 - -1)
-3
Evaluate -6 + 2 - ((-4 - -9) + -7).
-2
What is -8 + (-4 - -9) + 2?
-1
What is -10 + (6 - 10) + (12 - 3)?
-5
Calculate (18 - 12) + (-2 - 1).
3
0 + -1 + (3 + 3 - 0)
5
Evaluate (2 - 4 - (-1 - 4)) + -3.
0
What is -1 + (-1 + 1 - (9 - 5))?
-5
1 + (-3 - (2 + -9))
5
What is -13 - -7 - (3 + (-2 - 4))?
-3
Calculate -2 + (-7 - -3) + (1 - 0).
-5
Evaluate -10 + 4 + 11 - 0.
5
What is 0 + 1 - (-3 + -3 + 8)?
-1
(12 - (12 - 14)) + -17
-3
-11 + (2 + -4 - -7)
-6
What is the value of -2 + 9 + -4 - (2 - 1)?
2
-22 + 26 + -3 + 2 + -5
-2
Calculate -66 + 68 + -1 + -7.
-6
What is the value of (-2 - 2) + (-9 + 6 - -7)?
0
Calculate 0 + (-3 - (2 + (-4 - -3))).
-4
What is (0 - -5) + -53 + 52?
4
What is the value of -3 - -4 - ((5 - 10) + 7)?
-1
Calculate 0 - (-2 + 2) - 5.
-5
Calculate -4 + -5 + 5 + 2.
-2
Calculate 2 + 3 + -1 + -2 + -7.
-5
What is (9 - (3 - 0)) + (-26 - -15)?
-5
What is the value of 1 - 8 - -17 - 18?
-8
Calculate (5 - 1) + (-5 - -1).
0
What is -31 + 30 + (0 - (2 - 1))?
-2
What is the value of 4 - (2 - (-2 - 2)) - 0?
-2
What is (4 - 0) + -8 - 2 - -5?
-1
Evaluate 1 + -3 + 8 - (5 - 3).
4
Evaluate 5 + -30 + 14 + 6.
-5
(1 - 0) + 2 - (-47 - -49)
1
Calculate (4 - (2 - 4)) + -3 - 4.
-1
(1 - (-1 + 0 + 3)) + 1
0
(56 - 50) + (1 - 2)
5
What is the value of -1 + (0 + 0 - (1 - 3))?
1
Evaluate 5 - (14 - 2 - (1 + 5)).
-1
Calculate (0 - 3 - 2) + (5 - 0).
0
Evaluate -11 - (-8 - (3 - (-6 - -11))).
-5
Calculate -1 + 2 + -3 - 2.
-4
What is 3 + 0 + 0 + (11 - 20)?
-6
What is (-4 - 1) + 5 + -2?
-2
Calculate -7 - 8 - (2 + 0 + -8).
-9
Evaluate -2 + (5 - 5) + -2 - -6.
2
What is 2 + (3 - 9) + 5?
1
Evaluate 7 - (-3 + 7) - -3 - 6.
0
-7 + 8 - (0 - (-7 + 2))
-4
Evaluate (2 - -5) + -4 + 0.
3
What is 0 - -1 - (-2 - (1 - 5))?
-1
5 - (-1 - (2 - (1 + 2)))
5
Calculate -1 - -2 - (-1 + 2).
0
(-2 - 3) + -6 - -6
-5
Calculate 12 - ((3 - 8) + (26 - 14)).
5
Evaluate (-3 + 2 + -2 - -4) + -3.
-2
What is (1 - 5) + (-1 - -4)?
-1
What is the value of 1 + -5 + (2 + -4 - -7)?
1
Calculate 4 + -1 + 3 - 5.
1
Calculate -10 + 3 + 3 + 11.
7
Evaluate -1 - (4 - (-3 - -11)) - 3.
0
3 - (-3 - (2 + 1 + -5))
4
Evaluate -5 + -1 + 9 + (7 - 5).
5
What is 2 + -5 - (-4 + (-1 - -1))?
1
Evaluate (13 - (-5 + 6)) + -8.
4
Evaluate -5 - (-7 + (3 - (-7 - -5))).
-3
Calculate -10 + 0 + 2 + (37 - 33).
-4
(4 - 2 - -7) + -20 + 20
9
What is the value of -3 + (8 - (-4 - -7))?
2
What is -7 - (-1 - -1) - (-669 - -665)?
-3
What is the value of (-4 - (-1 + -4 + 4)) + 1?
-2
Evaluate (2 - -2 - 2) + 3.
5
Calculate (-1 - (3 - 9)) + -1.
4
What is the value of 6 - (13 - (-9 + 14))?
-2
Calculate (-5 - -1) + (-